 by 28.
11
What is the remainder when 18828 is divided by 14?
12
What is the remainder when 64 is divided by 11?
9
What is the remainder when 140 is divided by 13?
10
What is the remainder when 209 is divided by 68?
5
What is the remainder when 869 is divided by 91?
50
Calculate the remainder when 149 is divided by 77.
72
Calculate the remainder when 362 is divided by 62.
52
What is the remainder when 930 is divided by 118?
104
What is the remainder when 369 is divided by 120?
9
What is the remainder when 56 is divided by 9?
2
What is the remainder when 7425 is divided by 94?
93
What is the remainder when 1094 is divided by 21?
2
Calculate the remainder when 4211 is divided by 1402.
5
What is the remainder when 152 is divided by 48?
8
Calculate the remainder when 334 is divided by 185.
149
What is the remainder when 798 is divided by 66?
6
What is the remainder when 608 is divided by 61?
59
What is the remainder when 57 is divided by 40?
17
What is the remainder when 252 is divided by 59?
16
What is the remainder when 127 is divided by 21?
1
Calculate the remainder when 4240 is divided by 250.
240
Calculate the remainder when 267 is divided by 51.
12
Calculate the remainder when 356 is divided by 92.
80
Calculate the remainder when 1387 is divided by 226.
31
What is the remainder when 729 is divided by 67?
59
Calculate the remainder when 192 is divided by 13.
10
What is the remainder when 368 is divided by 8?
0
What is the remainder when 141 is divided by 6?
3
What is the remainder when 108 is divided by 14?
10
Calculate the remainder when 40066 is divided by 189.
187
Calculate the remainder when 1196 is divided by 7.
6
Calculate the remainder when 676 is divided by 85.
81
What is the remainder when 239 is divided by 5?
4
What is the remainder when 607 is divided by 5?
2
What is the remainder when 428 is divided by 13?
12
Calculate the remainder when 222 is divided by 42.
12
What is the remainder when 5194 is divided by 26?
20
Calculate the remainder when 4146 is divided by 12.
6
What is the remainder when 3275 is divided by 16?
11
What is the remainder when 482 is divided by 165?
152
Calculate the remainder when 28 is divided by 9.
1
Calculate the remainder when 69 is divided by 29.
11
Calculate the remainder when 165 is divided by 12.
9
What is the remainder when 113 is divided by 23?
21
Calculate the remainder when 267 is divided by 15.
12
Calculate the remainder when 3442 is divided by 13.
10
Calculate the remainder when 57 is divided by 5.
2
Calculate the remainder when 760 is divided by 109.
106
Calculate the remainder when 599 is divided by 28.
11
What is the remainder when 120 is divided by 118?
2
What is the remainder when 5569 is divided by 169?
161
Calculate the remainder when 77 is divided by 29.
19
What is the remainder when 198 is divided by 51?
45
Calculate the remainder when 85 is divided by 22.
19
Calculate the remainder when 1105 is divided by 548.
9
What is the remainder when 1215 is divided by 38?
37
What is the remainder when 97 is divided by 48?
1
Calculate the remainder when 320 is divided by 78.
8
Calculate the remainder when 847 is divided by 61.
54
Calculate the remainder when 17478 is divided by 23.
21
What is the remainder when 1522 is divided by 157?
109
What is the remainder when 29 is divided by 18?
11
Calculate the remainder when 703 is divided by 237.
229
What is the remainder when 13245 is divided by 46?
43
Calculate the remainder when 318 is divided by 19.
14
What is the remainder when 1773 is divided by 25?
23
What is the remainder when 22 is divided by 14?
8
What is the remainder when 29 is divided by 29?
0
Calculate the remainder when 339 is divided by 335.
4
What is the remainder when 416 is divided by 30?
26
Calculate the remainder when 1355 is divided by 669.
17
What is the remainder when 134 is divided by 60?
14
What is the remainder when 81 is divided by 20?
1
Calculate the remainder when 27 is divided by 14.
13
What is the remainder when 195 is divided by 25?
20
What is the remainder when 155 is divided by 19?
3
What is the remainder when 40 is divided by 10?
0
What is the remainder when 184 is divided by 46?
0
Calculate the remainder when 752 is divided by 191.
179
Calculate the remainder when 368 is divided by 65.
43
What is the remainder when 206 is divided by 9?
8
What is the remainder when 107 is divided by 37?
33
What is the remainder when 814 is divided by 63?
58
What is the remainder when 83 is divided by 32?
19
What is the remainder when 1699 is divided by 68?
67
Calculate the remainder when 444 is divided by 436.
8
What is the remainder when 1455 is divided by 81?
78
What is the remainder when 46 is divided by 46?
0
What is the remainder when 1846 is divided by 47?
13
What is the remainder when 586 is divided by 259?
68
What is the remainder when 490 is divided by 12?
10
What is the remainder when 2086 is divided by 19?
15
What is the remainder when 596 is divided by 85?
1
What is the remainder when 1464 is divided by 98?
92
Calculate the remainder when 1138 is divided by 40.
18
What is the remainder when 797 is divided by 50?
47
Calculate the remainder when 209 is divided by 48.
17
Calculate the remainder when 25973 is divided by 333.
332
What is the remainder when 1433 is divided by 20?
13
Calculate the remainder when 5709 is divided by 34.
31
Calculate the remainder when 5839 is divided by 11.
9
What is the remainder when 900 is divided by 41?
39
Calculate the remainder when 1997 is divided by 50.
47
Calculate the remainder when 886 is divided by 89.
85
Calculate the remainder when 2131 is divided by 82.
81
Calculate the remainder when 296 is divided by 73.
4
Calculate the remainder when 66 is divided by 29.
8
Calculate the remainder when 17799 is divided by 19.
15
What is the remainder when 1316 is divided by 55?
51
Calculate the remainder when 188 is divided by 24.
20
What is the remainder when 3775 is divided by 9?
4
Calculate the remainder when 633 is divided by 71.
65
Calculate the remainder when 581 is divided by 75.
56
Calculate the remainder when 505 is divided by 46.
45
What is the remainder when 8646 is divided by 23?
21
Calculate the remainder when 5 is divided by 5.
0
What is the remainder when 482 is divided by 97?
94
What is the remainder when 3693 is divided by 614?
9
What is the remainder when 65 is divided by 57?
8
What is the remainder when 1087 is divided by 272?
271
Calculate the remainder when 1064 is divided by 41.
39
Calculate the remainder when 336 is divided by 137.
62
Calculate the remainder when 27 is divided by 20.
7
Calculate the remainder when 242 is divided by 81.
80
Calculate the remainder when 385 is divided by 43.
41
Calculate the remainder when 253 is divided by 89.
75
Calculate the remainder when 492 is divided by 126.
114
Calculate the remainder when 382 is divided by 6.
4
Calculate the remainder when 1342 is divided by 457.
428
Calculate the remainder when 1949 is divided by 16.
13
Calculate the remainder when 159 is divided by 99.
60
Calculate the remainder when 2685 is divided by 207.
201
What is the remainder when 86 is divided by 25?
11
Calculate the remainder when 5936 is divided by 180.
176
Calculate the remainder when 528 is divided by 19.
15
What is the remainder when 143 is divided by 8?
7
Calculate the remainder when 1256 is divided by 12.
8
What is the remainder when 4171 is divided by 14?
13
Calculate the remainder when 689 is divided by 115.
114
What is the remainder when 1405 is divided by 32?
29
What is the remainder when 1017 is divided by 2?
1
What is the remainder when 2127 is divided by 26?
21
Calculate the remainder when 8468 is divided by 2820.
8
Calculate the remainder when 167 is divided by 28.
27
What is the remainder when 219 is divided by 66?
21
What is the remainder when 275 is divided by 24?
11
Calculate the remainder when 350 is divided by 85.
10
What is the remainder when 5038 is divided by 1678?
4
What is the remainder when 718 is divided by 8?
6
Calculate the remainder when 840 is divided by 420.
0
What is the remainder when 1226 is divided by 29?
8
Calculate the remainder when 258 is divided by 13.
11
What is the remainder when 2349 is divided by 10?
9
Calculate the remainder when 1181 is divided by 32.
29
What i